{"id":3005,"date":"2024-03-21T16:44:39","date_gmt":"2024-03-21T16:44:39","guid":{"rendered":"https:\/\/www.artearrebol.com\/?page_id=3005"},"modified":"2025-05-13T16:16:44","modified_gmt":"2025-05-13T16:16:44","slug":"curso-de-cante-flamenco-sevilla","status":"publish","type":"page","link":"https:\/\/www.artearrebol.com\/index.php\/curso-de-cante-flamenco-sevilla\/","title":{"rendered":"Curso de Cante Flamenco en Sevilla"},"content":{"rendered":"<style type=\"text\/css\"><\/style>\n<div style=\"height:64px\" aria-hidden=\"true\" class=\"wp-block-spacer\"><\/div>\n\n\n\n<h1 class=\"wp-block-heading has-text-align-left has-text-color has-link-color wp-elements-dad855c8d98d8873e522bf91486defeb\" style=\"color:#8b84b3;font-size:47px\">Curso de Cante Flamenco <\/h1>\n\n\n\n<p class=\"has-text-color has-link-color wp-elements-11122078f1df9aa74ccb32b49330ade1\" style=\"color:#2f265e;font-size:18px\">El flamenco, lejos de la creencia popular de que solo por llevarlo dentro sale de manera natural, es una disciplina que requiere mucha exigencia y sacrificio personal para llegar a entenderlo y desarrollarlo correctamente. Para ello, se necesita conocer una serie de conceptos b\u00e1sicos y aplicarlos. Una vez has aprendido e interiorizado esos conceptos, puedes desarrollar tu cante de manera personal y profesional, haci\u00e9ndolo tuyo, sin desvirtuar el cante, disfrut\u00e1ndolo al cantarlo con seguridad, car\u00e1cter, personalidad y transmitir tus emociones a todo el que te oiga.<\/p>\n\n\n\n<p class=\"has-text-color has-link-color wp-elements-09097f5122848c9f7a2ec446246697c1\" style=\"color:#2f265e;font-size:18px\">Tanto en nuestro <strong>Curso Anual Grupal de Cante Flamenco<\/strong> como en nuestro <strong>Curso Intensivo de Verano de Cante Flamenco<\/strong>, trabajaremos todos estos matices y conceptos que te ayudar\u00e1n a entender e identificar los cantes flamencos y a cantarlos de una manera clara, tradicional, art\u00edstica y totalmente profesional.<\/p>\n\n\n\t\t\t\t<div class=\"wp-block-uagb-table-of-contents uagb-toc__align-left uagb-toc__columns-1  uagb-block-4edc8170      \"\n\t\t\t\t\tdata-scroll= \"1\"\n\t\t\t\t\tdata-offset= \"30\"\n\t\t\t\t\tstyle=\"\"\n\t\t\t\t>\n\t\t\t\t<div class=\"uagb-toc__wrap\">\n\t\t\t\t\t\t<div class=\"uagb-toc__title\">\n\t\t\t\t\t\t\tTabla de contenidos<br><br>\t\t\t\t\t\t<\/div>\n\t\t\t\t\t\t\t\t\t\t\t\t\t\t\t\t\t\t\t\t\t\t<div class=\"uagb-toc__list-wrap \">\n\t\t\t\t\t\t<ol class=\"uagb-toc__list\"><li class=\"uagb-toc__list\"><a href=\"#para-qui\u00e9n-van-dirigidas-estas-clases\" class=\"uagb-toc-link__trigger\">\u00bfPara qui\u00e9n van dirigidas estas clases?<\/a><li class=\"uagb-toc__list\"><a href=\"#qui\u00e9n-dar\u00e1-las-clases-de-cante-flamenco\" class=\"uagb-toc-link__trigger\">\u00bfQui\u00e9n dar\u00e1 las clases de cante flamenco?<\/a><li class=\"uagb-toc__list\"><a href=\"#qu\u00e9-daremos-en-este-curso\" class=\"uagb-toc-link__trigger\">\u00bfQu\u00e9 daremos en este curso?<\/a><\/ol>\t\t\t\t\t<\/div>\n\t\t\t\t\t\t\t\t\t<\/div>\n\t\t\t\t<\/div>\n\t\t\t\n\n\n<div style=\"height:28px\" aria-hidden=\"true\" class=\"wp-block-spacer\"><\/div>\n\n\n\n<h2 class=\"wp-block-heading has-text-color has-link-color wp-elements-4445964ad7715e21aaf06cbffd27568a\" style=\"color:#8b84b3;font-size:29px\">\u00bfPara qui\u00e9n van dirigidas estas clases?<\/h2>\n\n\n\n<p class=\"has-text-color has-link-color wp-elements-b3b5c3462804b94f2042f86dd603f250\" style=\"color:#2f265e;font-size:18px\">Estas clases est\u00e1n dirigidas<strong> para todas aquellas personas que les guste el flamenco y les gustar\u00eda poder entenderlo y cantarlo mejor, cogiendo la base de las fuentes m\u00e1s fiables.<\/strong> Ya sea, porque bailen y quieran entender el cante, o toquen la guitarra y quieran conocerlo y acompa\u00f1arlo mejor, o ya lo canten y quieran ganar seguridad para centrarse solo en expresar sus emociones. Si quieres vivir esta experiencia en primera persona y conocer las estructuras de los cantes, saber identificar las improvisaciones de los artistas y las partes mel\u00f3dicas estrictamente necesarias de cada estilo, en Arte Arrebol encontrar\u00e1s uno de los mejores sitios para poder hacerlo.<\/p>\n\n\n\n<p class=\"has-text-color has-link-color wp-elements-bfbd79724fea4af02116a61009a102e0\" style=\"color:#2f265e;font-size:18px\"><strong>No se requiere conocimientos previos de m\u00fasica ni solfeo, solo ganas de aprender y pasarlo bien<\/strong>.<\/p>\n\n\n\n<div style=\"height:28px\" aria-hidden=\"true\" class=\"wp-block-spacer\"><\/div>\n\n\n\n<h2 class=\"wp-block-heading has-text-color has-link-color wp-elements-15760c7a646652a5b8fe33311050fab8\" style=\"color:#8b84b3;font-size:29px\">\u00bfQui\u00e9n dar\u00e1 las clases de cante flamenco?<\/h2>\n\n\n\n<p class=\"has-text-color has-link-color wp-elements-7ab3d7c84cf450ee22182ecedf2f1270\" style=\"color:#2f265e;font-size:18px\"><strong>Marcos Mart\u00ednez<\/strong>, <strong>cantaor en activo con m\u00e1s de 20 a\u00f1os de experiencia en los escenarios<\/strong>. Actualmente, es cantaor de los principales tablaos de Sevilla. Comenz\u00f3 de manera autodidacta a estudiar el cante flamenco a muy temprana edad, comenzando a desarrollar su propio sistema de aprendizaje. M\u00e1s adelante, sigui\u00f3 aprendiendo de maestros del cante como, Jos\u00e9 de la Tomasa, Juan Jos\u00e9 Amador, teor\u00eda de la historia del cante con Pepa S\u00e1nchez y Jos\u00e9 Luis Ortiz Nuevo, y t\u00e9cnica vocal con Liliana Aracil. <\/p>\n\n\n\n<p class=\"has-text-color has-link-color wp-elements-e092739999121366ac86b139d32980e2\" style=\"color:#2f265e;font-size:18px\">Fue alumno becado de la Fundaci\u00f3n Cristina Heeren, siendo becado una segunda vez por m\u00e9ritos propios como auxiliar y una tercera vez como monitor de la escuela. Tiempo despu\u00e9s, sigui\u00f3 como maestro de cante flamenco en distintas escuelas de flamenco de Sevilla, donde ha ido desarrollando y perfeccionado su propio sistema did\u00e1ctico de ense\u00f1anza para el aprendizaje del cante flamenco. <\/p>\n\n\n\n<p class=\"has-text-color has-link-color wp-elements-a574f35ed0a6cf32d9f0c88b26ed7299\" style=\"color:#2f265e;font-size:18px\">Con su sistema de ense\u00f1anza, adem\u00e1s de aprender el cante de una manera divertida y completamente profesional, aprender\u00e1s ejercicios de t\u00e9cnica vocal, que te servir\u00e1n en tu vida diaria ayud\u00e1ndote en tu formaci\u00f3n como cantaor\/cantaora y si lo tuvieras, a  perderle el miedo a cantar y a estudiar cualquier palo o estilo que se te resista. Con paciencia dedicaci\u00f3n y ganas de aprender, en ese curso desarrollar\u00e1s fortaleza personal, tu o\u00eddo y tu capacidad para cantar, haciendo que ning\u00fan cante sea imposible para ti. <\/p>\n\n\n\n<div style=\"height:28px\" aria-hidden=\"true\" class=\"wp-block-spacer\"><\/div>\n\n\n\n<h2 class=\"wp-block-heading has-text-color has-link-color wp-elements-e272d1792fe43ed702b29c94fdeaee7c\" style=\"color:#8b84b3;font-size:29px\">\u00bfQu\u00e9 daremos en este curso?<\/h2>\n\n\n\n<div style=\"height:17.3px\" aria-hidden=\"true\" class=\"wp-block-spacer\"><\/div>\n\n\n\n<h3 class=\"wp-block-heading has-text-color has-link-color wp-elements-e739bcc82fedbfd4fc6ffffd36bdd184\" style=\"color:#8b84b3;font-size:24px\">&#8211; T\u00e9cnica vocal, ejercicios preparatorios<\/h3>\n\n\n\n<p class=\"has-text-color has-link-color wp-elements-7c1eaf61641f85c9d93ca8a13f2879ee\" style=\"color:#2f265e;font-size:18px\">Para poder dar lo mejor de s\u00ed en un esfuerzo f\u00edsico y no hacernos da\u00f1o en el intento, primero necesitamos calentar. Por eso, comenzaremos con unos ejercicios de t\u00e9cnica vocal y unos estiramientos para tener una buena salud vocal en el d\u00eda a d\u00eda que nos ayudar\u00e1 a entender mejor las correcciones de las colocaciones vocales y las notas musicales del estilo que estemos dando.<\/p>\n\n\n\n<h3 class=\"wp-block-heading has-text-color has-link-color wp-elements-58be73088def5495d7f35e054efe3de5\" style=\"color:#8b84b3;font-size:24px\">&#8211; Palos del Flamenco<\/h3>\n\n\n\n<p class=\"has-text-color has-link-color wp-elements-9bf59a2f4dfa4a0d5cfecce7fd57a487\" style=\"color:#2f265e;font-size:18px\">Los palos flamencos, no siempre necesariamente terminan con el mismo palo con el que empezaron\u2026 de hecho, se puede empezar para baile con una alegr\u00eda y terminar con buler\u00edas de C\u00e1diz o pueden empezar con una Liviana, pasar por una Serrana y terminar con un macho de seguiriyas de Mar\u00eda Borrico, o se puede empezar con un cante por Malague\u00f1as libre de comp\u00e1s y terminar con unos cantes Abandolaos a ritmo\u2026 Cada uno, esconde una estructura tradicional reconocible que ha ido pasando de generaci\u00f3n en generaci\u00f3n hasta el d\u00eda de hoy. En ArteArrebol pasaremos por cada uno de ellos.<\/p>\n\n\n\n<div style=\"height:17px\" aria-hidden=\"true\" class=\"wp-block-spacer\"><\/div>\n\n\n\n<h3 class=\"wp-block-heading has-text-color has-link-color wp-elements-93431d9d8e137aaf1f9f973dc6c84456\" style=\"color:#8b84b3;font-size:24px\"><\/h3>\n\n\n\n<p class=\"has-text-color has-link-color wp-elements-6478fd563374def34d4c405994cc0f06\" style=\"color:#2f265e;font-size:18px\">Si est\u00e1s interesad@ o tienes alguna otra pregunta que hacernos, puedes escribirnos a trav\u00e9s de la p\u00e1gina de contacto o a trav\u00e9s del tel\u00e9fono de la escuela 622 33 21 57.<\/p>\n\n\n\n<p class=\"has-text-color has-link-color wp-elements-6197a39253b500390c0135e49fc064a2\" style=\"color:#2f265e;font-size:17.92px\">Pregunta e inf\u00f3rmate sin compromiso. <strong>PLAZAS LIMITADAS<\/strong><\/p>\n","protected":false},"excerpt":{"rendered":"<p>Curso de Cante Flamenco El flamenco, lejos de la creencia popular de que solo por llevarlo dentro sale de manera natural, es una disciplina que requiere mucha exigencia y sacrificio&#8230;<\/p>\n","protected":false},"author":1,"featured_media":0,"parent":0,"menu_order":0,"comment_status":"closed","ping_status":"closed","template":"","meta":{"_coblocks_attr":"","_coblocks_dimensions":"","_coblocks_responsive_height":"","_coblocks_accordion_ie_support":"","content-type":"","_uag_custom_page_level_css":"","_uf_show_specific_survey":0,"_uf_disable_surveys":false,"footnotes":""},"class_list":["post-3005","page","type-page","status-publish","hentry"],"yoast_head":"<!-- This site is optimized with the Yoast SEO plugin v27.4 - https:\/\/yoast.com\/product\/yoast-seo-wordpress\/ -->\n<title>Curso de Cante Flamenco en Sevilla<\/title>\n<meta name=\"description\" content=\"Curso de Cante Flamenco El flamenco, lejos de la creencia popular de que solo por llevarlo dentro sale de manera natural, es una disciplina que requiere\" \/>\n<meta name=\"robots\" content=\"index, follow, max-snippet:-1, max-image-preview:large, max-video-preview:-1\" \/>\n<link rel=\"canonical\" href=\"https:\/\/www.artearrebol.com\/index.php\/curso-de-cante-flamenco-sevilla\/\" \/>\n<meta property=\"og:locale\" content=\"es_ES\" \/>\n<meta property=\"og:type\" content=\"article\" \/>\n<meta property=\"og:title\" content=\"Curso de Cante Flamenco en Sevilla\" \/>\n<meta property=\"og:description\" content=\"Curso de Cante Flamenco El flamenco, lejos de la creencia popular de que solo por llevarlo dentro sale de manera natural, es una disciplina que requiere\" \/>\n<meta property=\"og:url\" content=\"https:\/\/www.artearrebol.com\/index.php\/curso-de-cante-flamenco-sevilla\/\" \/>\n<meta property=\"article:publisher\" content=\"https:\/\/www.facebook.com\/profile.php?id=61550214574121\" \/>\n<meta property=\"article:modified_time\" content=\"2025-05-13T16:16:44+00:00\" \/>\n<meta name=\"twitter:card\" content=\"summary_large_image\" \/>\n<meta name=\"twitter:label1\" content=\"Tiempo de lectura\" \/>\n\t<meta name=\"twitter:data1\" content=\"4 minutos\" \/>\n<script type=\"application\/ld+json\" class=\"yoast-schema-graph\">{\"@context\":\"https:\\\/\\\/schema.org\",\"@graph\":[{\"@type\":\"WebPage\",\"@id\":\"https:\\\/\\\/www.artearrebol.com\\\/index.php\\\/curso-de-cante-flamenco-sevilla\\\/\",\"url\":\"https:\\\/\\\/www.artearrebol.com\\\/index.php\\\/curso-de-cante-flamenco-sevilla\\\/\",\"name\":\"Curso de Cante Flamenco en Sevilla\",\"isPartOf\":{\"@id\":\"https:\\\/\\\/www.artearrebol.com\\\/#website\"},\"datePublished\":\"2024-03-21T16:44:39+00:00\",\"dateModified\":\"2025-05-13T16:16:44+00:00\",\"description\":\"Curso de Cante Flamenco El flamenco, lejos de la creencia popular de que solo por llevarlo dentro sale de manera natural, es una disciplina que requiere\",\"breadcrumb\":{\"@id\":\"https:\\\/\\\/www.artearrebol.com\\\/index.php\\\/curso-de-cante-flamenco-sevilla\\\/#breadcrumb\"},\"inLanguage\":\"es\",\"potentialAction\":[{\"@type\":\"ReadAction\",\"target\":[\"https:\\\/\\\/www.artearrebol.com\\\/index.php\\\/curso-de-cante-flamenco-sevilla\\\/\"]}]},{\"@type\":\"BreadcrumbList\",\"@id\":\"https:\\\/\\\/www.artearrebol.com\\\/index.php\\\/curso-de-cante-flamenco-sevilla\\\/#breadcrumb\",\"itemListElement\":[{\"@type\":\"ListItem\",\"position\":1,\"name\":\"Portada\",\"item\":\"https:\\\/\\\/www.artearrebol.com\\\/\"},{\"@type\":\"ListItem\",\"position\":2,\"name\":\"Curso de Cante Flamenco en Sevilla\"}]},{\"@type\":\"WebSite\",\"@id\":\"https:\\\/\\\/www.artearrebol.com\\\/#website\",\"url\":\"https:\\\/\\\/www.artearrebol.com\\\/\",\"name\":\"artearrebol.com\",\"description\":\"Escuela de Cante flamenco, Ballet y Baile Flamenco\",\"potentialAction\":[{\"@type\":\"SearchAction\",\"target\":{\"@type\":\"EntryPoint\",\"urlTemplate\":\"https:\\\/\\\/www.artearrebol.com\\\/?s={search_term_string}\"},\"query-input\":{\"@type\":\"PropertyValueSpecification\",\"valueRequired\":true,\"valueName\":\"search_term_string\"}}],\"inLanguage\":\"es\"}]}<\/script>\n<!-- \/ Yoast SEO plugin. -->","yoast_head_json":{"title":"Curso de Cante Flamenco en Sevilla","description":"Curso de Cante Flamenco El flamenco, lejos de la creencia popular de que solo por llevarlo dentro sale de manera natural, es una disciplina que requiere","robots":{"index":"index","follow":"follow","max-snippet":"max-snippet:-1","max-image-preview":"max-image-preview:large","max-video-preview":"max-video-preview:-1"},"canonical":"https:\/\/www.artearrebol.com\/index.php\/curso-de-cante-flamenco-sevilla\/","og_locale":"es_ES","og_type":"article","og_title":"Curso de Cante Flamenco en Sevilla","og_description":"Curso de Cante Flamenco El flamenco, lejos de la creencia popular de que solo por llevarlo dentro sale de manera natural, es una disciplina que requiere","og_url":"https:\/\/www.artearrebol.com\/index.php\/curso-de-cante-flamenco-sevilla\/","article_publisher":"https:\/\/www.facebook.com\/profile.php?id=61550214574121","article_modified_time":"2025-05-13T16:16:44+00:00","twitter_card":"summary_large_image","twitter_misc":{"Tiempo de lectura":"4 minutos"},"schema":{"@context":"https:\/\/schema.org","@graph":[{"@type":"WebPage","@id":"https:\/\/www.artearrebol.com\/index.php\/curso-de-cante-flamenco-sevilla\/","url":"https:\/\/www.artearrebol.com\/index.php\/curso-de-cante-flamenco-sevilla\/","name":"Curso de Cante Flamenco en Sevilla","isPartOf":{"@id":"https:\/\/www.artearrebol.com\/#website"},"datePublished":"2024-03-21T16:44:39+00:00","dateModified":"2025-05-13T16:16:44+00:00","description":"Curso de Cante Flamenco El flamenco, lejos de la creencia popular de que solo por llevarlo dentro sale de manera natural, es una disciplina que requiere","breadcrumb":{"@id":"https:\/\/www.artearrebol.com\/index.php\/curso-de-cante-flamenco-sevilla\/#breadcrumb"},"inLanguage":"es","potentialAction":[{"@type":"ReadAction","target":["https:\/\/www.artearrebol.com\/index.php\/curso-de-cante-flamenco-sevilla\/"]}]},{"@type":"BreadcrumbList","@id":"https:\/\/www.artearrebol.com\/index.php\/curso-de-cante-flamenco-sevilla\/#breadcrumb","itemListElement":[{"@type":"ListItem","position":1,"name":"Portada","item":"https:\/\/www.artearrebol.com\/"},{"@type":"ListItem","position":2,"name":"Curso de Cante Flamenco en Sevilla"}]},{"@type":"WebSite","@id":"https:\/\/www.artearrebol.com\/#website","url":"https:\/\/www.artearrebol.com\/","name":"artearrebol.com","description":"Escuela de Cante flamenco, Ballet y Baile Flamenco","potentialAction":[{"@type":"SearchAction","target":{"@type":"EntryPoint","urlTemplate":"https:\/\/www.artearrebol.com\/?s={search_term_string}"},"query-input":{"@type":"PropertyValueSpecification","valueRequired":true,"valueName":"search_term_string"}}],"inLanguage":"es"}]}},"uagb_featured_image_src":{"full":false,"thumbnail":false,"medium":false,"medium_large":false,"large":false,"event-post-thumb":false,"event-post-thumb-box":false,"1536x1536":false,"2048x2048":false,"post-thumbnail":false,"small-thumb":false,"square-thumb":false,"blog-masonry-thumb":false,"project-thumb":false,"project-masonry-thumb":false,"masonry-thumb":false,"full-thumb":false,"project-full-thumb":false,"full-masonry-thumb":false},"uagb_author_info":{"display_name":"admin","author_link":"https:\/\/www.artearrebol.com\/index.php\/author\/admin\/"},"uagb_comment_info":0,"uagb_excerpt":"Curso de Cante Flamenco El flamenco, lejos de la creencia popular de que solo por llevarlo dentro sale de manera natural, es una disciplina que requiere mucha exigencia y sacrificio...","_links":{"self":[{"href":"https:\/\/www.artearrebol.com\/index.php\/wp-json\/wp\/v2\/pages\/3005","targetHints":{"allow":["GET"]}}],"collection":[{"href":"https:\/\/www.artearrebol.com\/index.php\/wp-json\/wp\/v2\/pages"}],"about":[{"href":"https:\/\/www.artearrebol.com\/index.php\/wp-json\/wp\/v2\/types\/page"}],"author":[{"embeddable":true,"href":"https:\/\/www.artearrebol.com\/index.php\/wp-json\/wp\/v2\/users\/1"}],"replies":[{"embeddable":true,"href":"https:\/\/www.artearrebol.com\/index.php\/wp-json\/wp\/v2\/comments?post=3005"}],"version-history":[{"count":103,"href":"https:\/\/www.artearrebol.com\/index.php\/wp-json\/wp\/v2\/pages\/3005\/revisions"}],"predecessor-version":[{"id":3400,"href":"https:\/\/www.artearrebol.com\/index.php\/wp-json\/wp\/v2\/pages\/3005\/revisions\/3400"}],"wp:attachment":[{"href":"https:\/\/www.artearrebol.com\/index.php\/wp-json\/wp\/v2\/media?parent=3005"}],"curies":[{"name":"wp","href":"https:\/\/api.w.org\/{rel}","templated":true}]}}