{"id":20,"date":"2023-05-04T18:59:28","date_gmt":"2023-05-04T18:59:28","guid":{"rendered":"https:\/\/www.artearrebol.com\/?page_id=20"},"modified":"2024-09-10T18:46:04","modified_gmt":"2024-09-10T18:46:04","slug":"susanna-gera-davo","status":"publish","type":"page","link":"https:\/\/www.artearrebol.com\/index.php\/susanna-gera-davo\/","title":{"rendered":"SUSANNA GERA"},"content":{"rendered":"<style type=\"text\/css\"><\/style>\n<div style=\"height:100px\" aria-hidden=\"true\" class=\"wp-block-spacer\"><\/div>\n\n\n\n<h2 class=\"wp-block-heading has-text-align-center has-text-color has-link-color wp-elements-e7836738de873f81cda428a835b38b00\" style=\"color:#2f265e\">PROFESORA DE BAILE SUSANNA GERA <\/h2>\n\n\n\n<div class=\"wp-block-uagb-container uagb-block-4d1d3267 alignfull uagb-is-root-container\"><div class=\"uagb-container-inner-blocks-wrap\">\n<div class=\"wp-block-uagb-container uagb-block-4c47820b\">\n<figure class=\"wp-block-image size-large is-resized\"><img fetchpriority=\"high\" decoding=\"async\" width=\"682\" height=\"1024\" src=\"https:\/\/www.artearrebol.com\/wp-content\/uploads\/2023\/07\/IMG-20210213-WA0007-1-682x1024.jpg\" alt=\"\" class=\"wp-image-500\" style=\"width:198px;height:296px\" srcset=\"https:\/\/www.artearrebol.com\/wp-content\/uploads\/2023\/07\/IMG-20210213-WA0007-1-682x1024.jpg 682w, https:\/\/www.artearrebol.com\/wp-content\/uploads\/2023\/07\/IMG-20210213-WA0007-1-200x300.jpg 200w, https:\/\/www.artearrebol.com\/wp-content\/uploads\/2023\/07\/IMG-20210213-WA0007-1-768x1153.jpg 768w, https:\/\/www.artearrebol.com\/wp-content\/uploads\/2023\/07\/IMG-20210213-WA0007-1-1023x1536.jpg 1023w, https:\/\/www.artearrebol.com\/wp-content\/uploads\/2023\/07\/IMG-20210213-WA0007-1-580x871.jpg 580w, https:\/\/www.artearrebol.com\/wp-content\/uploads\/2023\/07\/IMG-20210213-WA0007-1-820x1231.jpg 820w, https:\/\/www.artearrebol.com\/wp-content\/uploads\/2023\/07\/IMG-20210213-WA0007-1.jpg 1066w\" sizes=\"(max-width: 682px) 100vw, 682px\" \/><\/figure>\n<\/div>\n\n\n\n<div class=\"wp-block-uagb-container uagb-block-eab51868\">\n<h3 class=\"wp-block-heading has-text-color has-link-color wp-elements-de92f2424fe04b4a9ec4d9ca83455164\" style=\"color:#8b84b3\">Bailarina y profesora de danza profesional con m\u00e1s de 10 a\u00f1os de experiencia en las aulas.<br>Empez\u00f3 sus estudios de ballet a los 4 a\u00f1os obteniendo la titulaci\u00f3n de la RAD hasta Advanced.<br>Respecto a la rama flamenca, ha estudiado en la Fundaci\u00f3n Cristina Hereen de la mano de maestros como Milagros Mengibar, Carmelilla Montoya, Javier Bar\u00f3n, Rafael Campallo entre otros.<br>Actualmente es codirectora del Estudio de danza y cante Arrebol junto a Marcos Mart\u00ednez, d\u00f3nde imparte danza cl\u00e1sica, flamenco, sevillanas y reeducaci\u00f3n corporal para alumnos de todas las edades y niveles.<\/h3>\n<\/div>\n<\/div><\/div>\n","protected":false},"excerpt":{"rendered":"<p>PROFESORA DE BAILE SUSANNA GERA Bailarina y profesora de danza profesional con m\u00e1s de 10 a\u00f1os de experiencia en las aulas.Empez\u00f3 sus estudios de ballet a los 4 a\u00f1os obteniendo&#8230;<\/p>\n","protected":false},"author":1,"featured_media":0,"parent":0,"menu_order":0,"comment_status":"closed","ping_status":"closed","template":"","meta":{"_coblocks_attr":"","_coblocks_dimensions":"","_coblocks_responsive_height":"","_coblocks_accordion_ie_support":"","content-type":"","_uag_custom_page_level_css":"","_uf_show_specific_survey":0,"_uf_disable_surveys":false,"footnotes":""},"class_list":["post-20","page","type-page","status-publish","hentry"],"yoast_head":"<!-- This site is optimized with the Yoast SEO plugin v27.4 - https:\/\/yoast.com\/product\/yoast-seo-wordpress\/ -->\n<title>SUSANNA GERA<\/title>\n<meta name=\"description\" content=\"PROFESORA DE BAILE SUSANNA GERA Bailarina y profesora de danza profesional con m\u00e1s de 10 a\u00f1os de experiencia en las aulas.Empez\u00f3 sus estudios de ballet a\" \/>\n<meta name=\"robots\" content=\"index, follow, max-snippet:-1, max-image-preview:large, max-video-preview:-1\" \/>\n<link rel=\"canonical\" href=\"https:\/\/www.artearrebol.com\/index.php\/susanna-gera-davo\/\" \/>\n<meta property=\"og:locale\" content=\"es_ES\" \/>\n<meta property=\"og:type\" content=\"article\" \/>\n<meta property=\"og:title\" content=\"SUSANNA GERA\" \/>\n<meta property=\"og:description\" content=\"PROFESORA DE BAILE SUSANNA GERA Bailarina y profesora de danza profesional con m\u00e1s de 10 a\u00f1os de experiencia en las aulas.Empez\u00f3 sus estudios de ballet a\" \/>\n<meta property=\"og:url\" content=\"https:\/\/www.artearrebol.com\/index.php\/susanna-gera-davo\/\" \/>\n<meta property=\"article:publisher\" content=\"https:\/\/www.facebook.com\/profile.php?id=61550214574121\" \/>\n<meta property=\"article:modified_time\" content=\"2024-09-10T18:46:04+00:00\" \/>\n<meta property=\"og:image\" content=\"https:\/\/www.artearrebol.com\/wp-content\/uploads\/2023\/07\/IMG-20210213-WA0007-1-682x1024.jpg\" \/>\n<meta name=\"twitter:card\" content=\"summary_large_image\" \/>\n<meta name=\"twitter:label1\" content=\"Tiempo de lectura\" \/>\n\t<meta name=\"twitter:data1\" content=\"1 minuto\" \/>\n<script type=\"application\/ld+json\" class=\"yoast-schema-graph\">{\"@context\":\"https:\\\/\\\/schema.org\",\"@graph\":[{\"@type\":\"WebPage\",\"@id\":\"https:\\\/\\\/www.artearrebol.com\\\/index.php\\\/susanna-gera-davo\\\/\",\"url\":\"https:\\\/\\\/www.artearrebol.com\\\/index.php\\\/susanna-gera-davo\\\/\",\"name\":\"SUSANNA GERA\",\"isPartOf\":{\"@id\":\"https:\\\/\\\/www.artearrebol.com\\\/#website\"},\"primaryImageOfPage\":{\"@id\":\"https:\\\/\\\/www.artearrebol.com\\\/index.php\\\/susanna-gera-davo\\\/#primaryimage\"},\"image\":{\"@id\":\"https:\\\/\\\/www.artearrebol.com\\\/index.php\\\/susanna-gera-davo\\\/#primaryimage\"},\"thumbnailUrl\":\"https:\\\/\\\/www.artearrebol.com\\\/wp-content\\\/uploads\\\/2023\\\/07\\\/IMG-20210213-WA0007-1-682x1024.jpg\",\"datePublished\":\"2023-05-04T18:59:28+00:00\",\"dateModified\":\"2024-09-10T18:46:04+00:00\",\"description\":\"PROFESORA DE BAILE SUSANNA GERA Bailarina y profesora de danza profesional con m\u00e1s de 10 a\u00f1os de experiencia en las aulas.Empez\u00f3 sus estudios de ballet a\",\"breadcrumb\":{\"@id\":\"https:\\\/\\\/www.artearrebol.com\\\/index.php\\\/susanna-gera-davo\\\/#breadcrumb\"},\"inLanguage\":\"es\",\"potentialAction\":[{\"@type\":\"ReadAction\",\"target\":[\"https:\\\/\\\/www.artearrebol.com\\\/index.php\\\/susanna-gera-davo\\\/\"]}]},{\"@type\":\"ImageObject\",\"inLanguage\":\"es\",\"@id\":\"https:\\\/\\\/www.artearrebol.com\\\/index.php\\\/susanna-gera-davo\\\/#primaryimage\",\"url\":\"https:\\\/\\\/www.artearrebol.com\\\/wp-content\\\/uploads\\\/2023\\\/07\\\/IMG-20210213-WA0007-1.jpg\",\"contentUrl\":\"https:\\\/\\\/www.artearrebol.com\\\/wp-content\\\/uploads\\\/2023\\\/07\\\/IMG-20210213-WA0007-1.jpg\",\"width\":1066,\"height\":1600},{\"@type\":\"BreadcrumbList\",\"@id\":\"https:\\\/\\\/www.artearrebol.com\\\/index.php\\\/susanna-gera-davo\\\/#breadcrumb\",\"itemListElement\":[{\"@type\":\"ListItem\",\"position\":1,\"name\":\"Portada\",\"item\":\"https:\\\/\\\/www.artearrebol.com\\\/\"},{\"@type\":\"ListItem\",\"position\":2,\"name\":\"SUSANNA GERA\"}]},{\"@type\":\"WebSite\",\"@id\":\"https:\\\/\\\/www.artearrebol.com\\\/#website\",\"url\":\"https:\\\/\\\/www.artearrebol.com\\\/\",\"name\":\"artearrebol.com\",\"description\":\"Escuela de Cante flamenco, Ballet y Baile Flamenco\",\"potentialAction\":[{\"@type\":\"SearchAction\",\"target\":{\"@type\":\"EntryPoint\",\"urlTemplate\":\"https:\\\/\\\/www.artearrebol.com\\\/?s={search_term_string}\"},\"query-input\":{\"@type\":\"PropertyValueSpecification\",\"valueRequired\":true,\"valueName\":\"search_term_string\"}}],\"inLanguage\":\"es\"}]}<\/script>\n<!-- \/ Yoast SEO plugin. -->","yoast_head_json":{"title":"SUSANNA GERA","description":"PROFESORA DE BAILE SUSANNA GERA Bailarina y profesora de danza profesional con m\u00e1s de 10 a\u00f1os de experiencia en las aulas.Empez\u00f3 sus estudios de ballet a","robots":{"index":"index","follow":"follow","max-snippet":"max-snippet:-1","max-image-preview":"max-image-preview:large","max-video-preview":"max-video-preview:-1"},"canonical":"https:\/\/www.artearrebol.com\/index.php\/susanna-gera-davo\/","og_locale":"es_ES","og_type":"article","og_title":"SUSANNA GERA","og_description":"PROFESORA DE BAILE SUSANNA GERA Bailarina y profesora de danza profesional con m\u00e1s de 10 a\u00f1os de experiencia en las aulas.Empez\u00f3 sus estudios de ballet a","og_url":"https:\/\/www.artearrebol.com\/index.php\/susanna-gera-davo\/","article_publisher":"https:\/\/www.facebook.com\/profile.php?id=61550214574121","article_modified_time":"2024-09-10T18:46:04+00:00","og_image":[{"url":"https:\/\/www.artearrebol.com\/wp-content\/uploads\/2023\/07\/IMG-20210213-WA0007-1-682x1024.jpg","type":"","width":"","height":""}],"twitter_card":"summary_large_image","twitter_misc":{"Tiempo de lectura":"1 minuto"},"schema":{"@context":"https:\/\/schema.org","@graph":[{"@type":"WebPage","@id":"https:\/\/www.artearrebol.com\/index.php\/susanna-gera-davo\/","url":"https:\/\/www.artearrebol.com\/index.php\/susanna-gera-davo\/","name":"SUSANNA GERA","isPartOf":{"@id":"https:\/\/www.artearrebol.com\/#website"},"primaryImageOfPage":{"@id":"https:\/\/www.artearrebol.com\/index.php\/susanna-gera-davo\/#primaryimage"},"image":{"@id":"https:\/\/www.artearrebol.com\/index.php\/susanna-gera-davo\/#primaryimage"},"thumbnailUrl":"https:\/\/www.artearrebol.com\/wp-content\/uploads\/2023\/07\/IMG-20210213-WA0007-1-682x1024.jpg","datePublished":"2023-05-04T18:59:28+00:00","dateModified":"2024-09-10T18:46:04+00:00","description":"PROFESORA DE BAILE SUSANNA GERA Bailarina y profesora de danza profesional con m\u00e1s de 10 a\u00f1os de experiencia en las aulas.Empez\u00f3 sus estudios de ballet a","breadcrumb":{"@id":"https:\/\/www.artearrebol.com\/index.php\/susanna-gera-davo\/#breadcrumb"},"inLanguage":"es","potentialAction":[{"@type":"ReadAction","target":["https:\/\/www.artearrebol.com\/index.php\/susanna-gera-davo\/"]}]},{"@type":"ImageObject","inLanguage":"es","@id":"https:\/\/www.artearrebol.com\/index.php\/susanna-gera-davo\/#primaryimage","url":"https:\/\/www.artearrebol.com\/wp-content\/uploads\/2023\/07\/IMG-20210213-WA0007-1.jpg","contentUrl":"https:\/\/www.artearrebol.com\/wp-content\/uploads\/2023\/07\/IMG-20210213-WA0007-1.jpg","width":1066,"height":1600},{"@type":"BreadcrumbList","@id":"https:\/\/www.artearrebol.com\/index.php\/susanna-gera-davo\/#breadcrumb","itemListElement":[{"@type":"ListItem","position":1,"name":"Portada","item":"https:\/\/www.artearrebol.com\/"},{"@type":"ListItem","position":2,"name":"SUSANNA GERA"}]},{"@type":"WebSite","@id":"https:\/\/www.artearrebol.com\/#website","url":"https:\/\/www.artearrebol.com\/","name":"artearrebol.com","description":"Escuela de Cante flamenco, Ballet y Baile Flamenco","potentialAction":[{"@type":"SearchAction","target":{"@type":"EntryPoint","urlTemplate":"https:\/\/www.artearrebol.com\/?s={search_term_string}"},"query-input":{"@type":"PropertyValueSpecification","valueRequired":true,"valueName":"search_term_string"}}],"inLanguage":"es"}]}},"uagb_featured_image_src":{"full":false,"thumbnail":false,"medium":false,"medium_large":false,"large":false,"event-post-thumb":false,"event-post-thumb-box":false,"1536x1536":false,"2048x2048":false,"post-thumbnail":false,"small-thumb":false,"square-thumb":false,"blog-masonry-thumb":false,"project-thumb":false,"project-masonry-thumb":false,"masonry-thumb":false,"full-thumb":false,"project-full-thumb":false,"full-masonry-thumb":false},"uagb_author_info":{"display_name":"admin","author_link":"https:\/\/www.artearrebol.com\/index.php\/author\/admin\/"},"uagb_comment_info":0,"uagb_excerpt":"PROFESORA DE BAILE SUSANNA GERA Bailarina y profesora de danza profesional con m\u00e1s de 10 a\u00f1os de experiencia en las aulas.Empez\u00f3 sus estudios de ballet a los 4 a\u00f1os obteniendo...","_links":{"self":[{"href":"https:\/\/www.artearrebol.com\/index.php\/wp-json\/wp\/v2\/pages\/20","targetHints":{"allow":["GET"]}}],"collection":[{"href":"https:\/\/www.artearrebol.com\/index.php\/wp-json\/wp\/v2\/pages"}],"about":[{"href":"https:\/\/www.artearrebol.com\/index.php\/wp-json\/wp\/v2\/types\/page"}],"author":[{"embeddable":true,"href":"https:\/\/www.artearrebol.com\/index.php\/wp-json\/wp\/v2\/users\/1"}],"replies":[{"embeddable":true,"href":"https:\/\/www.artearrebol.com\/index.php\/wp-json\/wp\/v2\/comments?post=20"}],"version-history":[{"count":8,"href":"https:\/\/www.artearrebol.com\/index.php\/wp-json\/wp\/v2\/pages\/20\/revisions"}],"predecessor-version":[{"id":3273,"href":"https:\/\/www.artearrebol.com\/index.php\/wp-json\/wp\/v2\/pages\/20\/revisions\/3273"}],"wp:attachment":[{"href":"https:\/\/www.artearrebol.com\/index.php\/wp-json\/wp\/v2\/media?parent=20"}],"curies":[{"name":"wp","href":"https:\/\/api.w.org\/{rel}","templated":true}]}}

<style type="text/css"></style>
<div style="height:100px" aria-hidden="true" class="wp-block-spacer"></div>



<h2 class="wp-block-heading has-text-align-center has-text-color has-link-color wp-elements-e7836738de873f81cda428a835b38b00" style="color:#2f265e">PROFESORA DE BAILE SUSANNA GERA </h2>



<div class="wp-block-uagb-container uagb-block-4d1d3267 alignfull uagb-is-root-container"><div class="uagb-container-inner-blocks-wrap">
<div class="wp-block-uagb-container uagb-block-4c47820b">
<figure class="wp-block-image size-large is-resized"><img fetchpriority="high" decoding="async" width="682" height="1024" src="https://www.artearrebol.com/wp-content/uploads/2023/07/IMG-20210213-WA0007-1-682x1024.jpg" alt="" class="wp-image-500" style="width:198px;height:296px" srcset="https://www.artearrebol.com/wp-content/uploads/2023/07/IMG-20210213-WA0007-1-682x1024.jpg 682w, https://www.artearrebol.com/wp-content/uploads/2023/07/IMG-20210213-WA0007-1-200x300.jpg 200w, https://www.artearrebol.com/wp-content/uploads/2023/07/IMG-20210213-WA0007-1-768x1153.jpg 768w, https://www.artearrebol.com/wp-content/uploads/2023/07/IMG-20210213-WA0007-1-1023x1536.jpg 1023w, https://www.artearrebol.com/wp-content/uploads/2023/07/IMG-20210213-WA0007-1-580x871.jpg 580w, https://www.artearrebol.com/wp-content/uploads/2023/07/IMG-20210213-WA0007-1-820x1231.jpg 820w, https://www.artearrebol.com/wp-content/uploads/2023/07/IMG-20210213-WA0007-1.jpg 1066w" sizes="(max-width: 682px) 100vw, 682px" /></figure>
</div>



<div class="wp-block-uagb-container uagb-block-eab51868">
<h3 class="wp-block-heading has-text-color has-link-color wp-elements-de92f2424fe04b4a9ec4d9ca83455164" style="color:#8b84b3">Bailarina y profesora de danza profesional con más de 10 años de experiencia en las aulas.<br>Empezó sus estudios de ballet a los 4 años obteniendo la titulación de la RAD hasta Advanced.<br>Respecto a la rama flamenca, ha estudiado en la Fundación Cristina Hereen de la mano de maestros como Milagros Mengibar, Carmelilla Montoya, Javier Barón, Rafael Campallo entre otros.<br>Actualmente es codirectora del Estudio de danza y cante Arrebol junto a Marcos Martínez, dónde imparte danza clásica, flamenco, sevillanas y reeducación corporal para alumnos de todas las edades y niveles.</h3>
</div>
</div></div>

<p>PROFESORA DE BAILE SUSANNA GERA Bailarina y profesora de danza profesional con más de 10 años de experiencia en las aulas.Empezó sus estudios de ballet a los 4 años obteniendo&#8230;</p>

<!-- This site is optimized with the Yoast SEO plugin v27.4 - https://yoast.com/product/yoast-seo-wordpress/ -->
<title>SUSANNA GERA</title>
<meta name="description" content="PROFESORA DE BAILE SUSANNA GERA Bailarina y profesora de danza profesional con más de 10 años de experiencia en las aulas.Empezó sus estudios de ballet a" />
<meta name="robots" content="index, follow, max-snippet:-1, max-image-preview:large, max-video-preview:-1" />
<link rel="canonical" href="https://www.artearrebol.com/index.php/susanna-gera-davo/" />
<meta property="og:locale" content="es_ES" />
<meta property="og:type" content="article" />
<meta property="og:title" content="SUSANNA GERA" />
<meta property="og:description" content="PROFESORA DE BAILE SUSANNA GERA Bailarina y profesora de danza profesional con más de 10 años de experiencia en las aulas.Empezó sus estudios de ballet a" />
<meta property="og:url" content="https://www.artearrebol.com/index.php/susanna-gera-davo/" />
<meta property="article:publisher" content="https://www.facebook.com/profile.php?id=61550214574121" />
<meta property="article:modified_time" content="2024-09-10T18:46:04+00:00" />
<meta property="og:image" content="https://www.artearrebol.com/wp-content/uploads/2023/07/IMG-20210213-WA0007-1-682x1024.jpg" />
<meta name="twitter:card" content="summary_large_image" />
<meta name="twitter:label1" content="Tiempo de lectura" />
	<meta name="twitter:data1" content="1 minuto" />
<script type="application/ld+json" class="yoast-schema-graph">{"@context":"https:\/\/schema.org","@graph":[{"@type":"WebPage","@id":"https:\/\/www.artearrebol.com\/index.php\/susanna-gera-davo\/","url":"https:\/\/www.artearrebol.com\/index.php\/susanna-gera-davo\/","name":"SUSANNA GERA","isPartOf":{"@id":"https:\/\/www.artearrebol.com\/#website"},"primaryImageOfPage":{"@id":"https:\/\/www.artearrebol.com\/index.php\/susanna-gera-davo\/#primaryimage"},"image":{"@id":"https:\/\/www.artearrebol.com\/index.php\/susanna-gera-davo\/#primaryimage"},"thumbnailUrl":"https:\/\/www.artearrebol.com\/wp-content\/uploads\/2023\/07\/IMG-20210213-WA0007-1-682x1024.jpg","datePublished":"2023-05-04T18:59:28+00:00","dateModified":"2024-09-10T18:46:04+00:00","description":"PROFESORA DE BAILE SUSANNA GERA Bailarina y profesora de danza profesional con más de 10 años de experiencia en las aulas.Empezó sus estudios de ballet a","breadcrumb":{"@id":"https:\/\/www.artearrebol.com\/index.php\/susanna-gera-davo\/#breadcrumb"},"inLanguage":"es","potentialAction":[{"@type":"ReadAction","target":["https:\/\/www.artearrebol.com\/index.php\/susanna-gera-davo\/"]}]},{"@type":"ImageObject","inLanguage":"es","@id":"https:\/\/www.artearrebol.com\/index.php\/susanna-gera-davo\/#primaryimage","url":"https:\/\/www.artearrebol.com\/wp-content\/uploads\/2023\/07\/IMG-20210213-WA0007-1.jpg","contentUrl":"https:\/\/www.artearrebol.com\/wp-content\/uploads\/2023\/07\/IMG-20210213-WA0007-1.jpg","width":1066,"height":1600},{"@type":"BreadcrumbList","@id":"https:\/\/www.artearrebol.com\/index.php\/susanna-gera-davo\/#breadcrumb","itemListElement":[{"@type":"ListItem","position":1,"name":"Portada","item":"https:\/\/www.artearrebol.com\/"},{"@type":"ListItem","position":2,"name":"SUSANNA GERA"}]},{"@type":"WebSite","@id":"https:\/\/www.artearrebol.com\/#website","url":"https:\/\/www.artearrebol.com\/","name":"artearrebol.com","description":"Escuela de Cante flamenco, Ballet y Baile Flamenco","potentialAction":[{"@type":"SearchAction","target":{"@type":"EntryPoint","urlTemplate":"https:\/\/www.artearrebol.com\/?s={search_term_string}"},"query-input":{"@type":"PropertyValueSpecification","valueRequired":true,"valueName":"search_term_string"}}],"inLanguage":"es"}]}</script>
<!-- / Yoast SEO plugin. -->

PROFESORA DE BAILE SUSANNA GERA Bailarina y profesora de danza profesional con más de 10 años de experiencia en las aulas.Empezó sus estudios de ballet a

PROFESORA DE BAILE SUSANNA GERA Bailarina y profesora de danza profesional con más de 10 años de experiencia en las aulas.Empezó sus estudios de ballet a los 4 años obteniendo...
